- 1. What is b(-9)?
-46
Let t(b) = b**3 - 5*b**2 + 4*b + 3. What is t(4)?
3
Let f(m) = -m**2 + 8*m + 1. Determine f(7).
8
Let k(h) = 35*h - 141. Give k(4).
-1
Let f(v) = -v**3 + 9*v**2 - 7*v - 9. Determine f(7).
40
Let r(t) = -10*t + 62. What is r(6)?
2
Let x(h) = -h**3 - 19*h**2 + 2*h + 45. Calculate x(-19).
7
Let n(a) = 5*a**2 + 15. Determine n(-5).
140
Let s(g) = 2*g**2 - 7*g + 8. Calculate s(4).
12
Let n(q) = -q**3 + 3*q**2 + 8*q - 3. Give n(5).
-13
Let z(j) = j**3 - 7*j**2 + 3. What is z(7)?
3
Let v(m) = 3*m**2 + 82*m + 17. What is v(-27)?
-10
Let v(l) = -2*l**3 - 19*l**2 - 5*l + 31. Give v(-9).
-5
Let j(z) = z - 2. Determine j(-6).
-8
Let z(d) = 5*d**3 + 2*d**2 + d. Determine z(-1).
-4
Let t(w) = w**3 - 2*w + 1. What is t(-2)?
-3
Let j(p) = -4*p**2 + 15*p - 1. What is j(4)?
-5
Let s(b) = -b + 5. Calculate s(8).
-3
Let j(i) = -i**3 + 9*i**2 - 3*i - 20. Determine j(6).
70
Let i(j) = -3*j**2 + 18*j - 39. Calculate i(4).
-15
Let d(q) = -33*q - 198. Calculate d(-6).
0
Let c(v) = 2*v**2 + 46*v + 39. Calculate c(-22).
-5
Let h(r) = -r**2 + 10*r - 7. Determine h(8).
9
Let k(j) = -40*j**2 + 84*j - 7. Give k(2).
1
Let c(g) = -g**2 - 13*g - 16. Give c(-11).
6
Let i(c) = -4*c**2 - 7*c - 8. Calculate i(-2).
-10
Let v(r) = -5*r + 218. Give v(39).
23
Let w(q) = -15*q**3 - q**2 - 1. Calculate w(-1).
13
Let d(b) = -b**2 - 7*b - 10. What is d(-6)?
-4
Let g(k) = k**2 - 6*k - 3. What is g(7)?
4
Let q(n) = 16*n**2 + 2*n. Determine q(-1).
14
Let u(p) = p**2 - 9*p - 18. Give u(11).
4
Let f(q) = 14*q + 96. Give f(-8).
-16
Let b(w) = w**3 - 3*w**2 - 11*w - 6. Give b(-4).
-74
Let c(q) = 2*q - 37. Determine c(18).
-1
Let f(y) = -y**2 + 22*y - 21. Determine f(21).
0
Let o(n) = -6*n - 22. Give o(14).
-106
Let v(t) = -t**3 - 11*t**2 + t - 5. Calculate v(-11).
-16
Let u(h) = 2*h + 29. What is u(-15)?
-1
Let m(b) = -b**2 + 10*b - 9. What is m(6)?
15
Let t(q) = 3*q**2 - q + 6. Calculate t(3).
30
Let w(f) = f**2 + 2*f - 3. Determine w(3).
12
Let n(j) = 4*j - 5. What is n(2)?
3
Let w(n) = -n**3 + 38*n**2 + n - 4. Determine w(0).
-4
Let y(d) = d - 55. What is y(13)?
-42
Let b(c) = c**3 + 6*c**2 - 3*c + 2. Determine b(-6).
20
Let s(o) = -o**2 + 20*o - 79. Give s(14).
5
Let j(u) = -u**3 + 9*u**2 + 9*u. What is j(10)?
-10
Let j(y) = 2*y + 27. Give j(-10).
7
Let p(a) = a**2 - 14*a + 1. Determine p(10).
-39
Let a(f) = -14*f + 76. What is a(4)?
20
Let h(o) = o**2 + 8*o + 12. Calculate h(-6).
0
Let g(q) = q**3 - 4*q**2 + 2*q - 21. Calculate g(4).
-13
Let m(y) = -4*y - 8. Determine m(-6).
16
Let v(t) = -11*t**3 + 2*t**2 - 4*t + 3. Determine v(2).
-85
Let d(s) = s + 17. Determine d(-4).
13
Let j(u) = 16*u - 200. Give j(13).
8
Let w(f) = -f**2 - 17*f + 14. What is w(-14)?
56
Let b(n) = -n - 27. Determine b(-5).
-22
Let x(l) = -l + 13. What is x(-3)?
16
Let c(d) = d**3 + 6*d**2 - 11*d + 1. Give c(-8).
-39
Let x(j) = -j**2 + 3*j + 8. Give x(4).
4
Let f(w) = 2*w**3 - 19*w**2 + 10*w - 4. Determine f(9).
5
Let l(i) = -i**3 + 11*i**2 - 2*i - 11. Determine l(5).
129
Let z(k) = 2*k**2 - 3*k. What is z(0)?
0
Let t(y) = -y - 3. Calculate t(-9).
6
Let x(w) = 2*w**3 + 2*w**2 + 2*w. Calculate x(-2).
-12
Let b(r) = -110*r + 325. Determine b(3).
-5
Let q(p) = 3*p - 12. What is q(-7)?
-33
Let w(s) = -s**2 + 5*s + 18. Determine w(8).
-6
Let q(o) = 3*o**2 + 4*o + 9. What is q(-3)?
24
Let w(k) = -26*k - 22. Give w(-1).
4
Let m(k) = -k**2 - k + 1. Give m(-3).
-5
Let m(c) = 99*c - 1196. Calculate m(12).
-8
Let z(h) = -6*h - 60. Give z(-6).
-24
Let v(x) = x**3 + 3*x**2 - 5*x. Determine v(-5).
-25
Let k(u) = 10*u - 9. Determine k(3).
21
Let z(k) = k**2 + 52*k + 134. What is z(-49)?
-13
Let v(z) = 2*z**2 + 27*z + 78. Calculate v(-8).
-10
Let x(d) = -9*d**3 - 2*d**2 + 2*d - 2. Give x(2).
-78
Let p(c) = -c**2 + 19*c + 48. Give p(22).
-18
Let x(h) = 57*h + 162. Calculate x(-4).
-66
Let x(n) = 52*n + 58. What is x(-1)?
6
Let k(h) = h**2 - 11*h + 2. Determine k(13).
28
Let i(r) = -2*r**2 + 61*r - 394. Give i(21).
5
Let h(f) = -35*f - 24. Give h(-1).
11
Let u(d) = -d**2 + 22*d + 22. Give u(9).
139
Let c(x) = -x**3 - 4*x**2 + 14*x + 10. Calculate c(-6).
-2
Let c(g) = -5*g + 1. Calculate c(-5).
26
Let p(h) = h**2 + 8*h - 28. Determine p(-9).
-19
Let a(m) = -m**2 + 11*m - 8. Calculate a(9).
10
Let n(j) = -25*j - 25. Determine n(-4).
75
Let n(h) = -24*h + 186. Determine n(8).
-6
Let y(x) = x**3 - 16*x**2 + 25*x + 32. Determine y(14).
-10
Let m(i) = -i**3 + 10*i**2 + i - 18. Determine m(10).
-8
Let m(d) = 3*d + 47. Determine m(-20).
-13
Let r(t) = -t**3 - 8*t**2 + 10*t + 13. What is r(-9)?
4
Let y(l) = l**2 + 4*l + 3. What is y(-4)?
3
Let f(x) = -2*x + 12. Give f(6).
0
Let r(t) = 3*t**3 + 6*t**2 + 2. Determine r(-2).
2
Let z(t) = -2*t**3 + 25*t**2 + 13*t + 10. Give z(13).
10
Let t(x) = 2*x**2 - 43*x + 38. Give t(22).
60
Let f(z) = z**2 - 12*z + 4. Calculate f(14).
32
Let q(d) = 11*d**2 - d - 3. What is q(2)?
39
Let z(s) = s**3 + 19*s**2 - 24*s - 75. Determine z(-20).
5
Let g(i) = 2*i**2 - 8*i - 2. Give g(6).
22
Let x(b) = -b**2 - 2*b - 7. Give x(-3).
-10
Let z(m) = -25*m + 44. Give z(2).
-6
Let f(q) = q**2 - 8*q + 22. Calculate f(3).
7
Let y(u) = u**3 + 4*u**2 + u - 17. Calculate y(-4).
-21
Let h(o) = o**3 + 13*o**2 - 31*o - 15. Calculate h(-15).
0
Let h(d) = d**2 - 7*d - 2. Calculate h(8).
6
Let c(f) = f**2 + 2*f - 35. Calculate c(-8).
13
Let s(o) = -o**2 + 2*o - 2. Determine s(0).
-2
Let b(d) = d**3 - 11*d**2 - 6*d + 2. Determine b(11).
-64
Let t(q) = -q**3 - 2*q**2 + 2*q - 5. Calculate t(-4).
19
Let c(h) = -2*h - 14. Give c(-7).
0
Let y(i) = i**3 - 3*i**2 - 4*i - 1. Determine y(-3).
-43
Let u(m) = m**3 - 3*m**2 - 5*m + 1. What is u(4)?
-3
Let p(b) = b**2 + 12*b - 5. Give p(-11).
-16
Let j(o) = -o**3 - 40*o**2 + 45*o + 171. Give j(-41).
7
Let r(b) = 9*b**2 + b. Determine r(1).
10
Let q(x) = -3*x + 5. What is q(4)?
-7
Let b(i) = -5*i + 1. Give b(-1).
6
Let r(i) = -4*i**2 + 136*i + 4. Calculate r(34).
4
Let f(g) = 3*g**2 + 6*g - 62. What is f(4)?
10
Let a(f) = -5*f**2 - 95*f. Determine a(-19).
0
Let u(m) = m - 23. Give u(9).
-14
Let v(j) = j**3 - j**2 - 3*j + 3. What is v(2)?
1
Let z(n) = 133*n + 671. Calculate z(-5).
6
Let n(f) = f**3 + 8*f**2 - 18*f + 14. What is n(-10)?
-6
Let o(m) = 2*m**2 + 84*m + 90. What is o(-41)?
8
Let t(n) = -2*n**2 - 11*n. What is t(-8)?
-40
Let m(f) = f**2 + 3. Give m(3).
12
Let d(n) = -n - 12. Determine d(-4).
-8
Let j(y) = -y**2 + y + 54. Give j(8).
-2
Let s(v) = 20*v + 133. What is s(-7)?
-7
Let r(a) = -2*a + 32. Give r(-8).
48
Let a(m) = -18*m - 2. Determine a(-4).
70
Let i(o) = o**2 + o - 8. Calculate i(4).
12
Let q(x) = x + 3. Calculate q(7).
10
Let s(t) = 2*t**2 + 10*t + 9. Give s(-6).
21
Let q(p) = -p**3 - 13*p**2 - 24*p - 16. Give q(-11).
6
Let c(o) = o**2 + 17*o + 43. Determine c(-15).
13
Let m(o) = -5*o + 81. Calculate m(15).
6
Let j(y) = -3*y + 3. Determine j(2).
-3
Let r(t) = -t**3 - 9*t**2 + 10*t + 2. Determine r(-10).
2
Let n(g) = -3*g. What is n(-6)?
18
Let x(l) = l**2 + 69*l + 731. Determine x(-56).
3
Let l(r) = r**3 - 7*r**2 + 5*r - 4. Determine l(6).
-10
Let f(b) = 2*b + 1. Determine f(-3).
-5
Let x(y) = -y**2 + 5*y - 7. What is x(4)?
-3
Let c(w) = -2*w**2 - 13*w + 14. What is c(-7)?
7
Let w(k) = k**3 + k**2 + 8*k + 23. What is w(-2)?
3
Let o(v) = -64*v + 410. Determine o(6).
26
Let z(y) = -y**3 - 2*y**2 + 24*y - 6. Determine z(4).
-6
Let c(n) = -5*n**2. What is c(2)?
-20
Let t(g) = -g**3 - 6*g**2 - 11*g - 10. Determine t(-4).
2
Let g(b) = -b**3 + 15*b**2 - 7*b - 45. Calculate g(14).
53
Let d(i) = -i**2 - 6*i. Calculate d(-3).
9
Let b(d) = -3*d - 102. Give b(-39).
15
Let k(f) = f**3 - 5*f**2 - 14*f + 33. Determine k(6).
-15
Let t(i) = -i**3 - 7*i**2 - 5*i - 7. Determine t(-5).
-32
Let p(s) = -5*s - 43. What is p(-8)?
-3
Let j(f) = f**2 - 7*f - 3. Determine j(5).
-13
Let b(m) = m**3 - m**2 - 5. Calculate b(0).
-5
Let l(v) = -3*v**2 + v + 6. Give l(3).
-18
Let j(b) = -2*b**2 + 63*b - 30. Give j(31).
1
Let f(h) = h**2 - 18*h + 5. What is f(17)?
-12
Let g(m) = 9*m + 36. Give g(-4).
0
Let g(d) = -2*d**2 - 6*d - 6. What is g(-3)?
-6
Let s(o) = -3*o**2 - 32*o + 3. Determine s(-10).
23
Let u(t) = -43*t**2 - 15*t - 2. Determine u(-1).
-30
Let b(g) = -8*g - 191. What is b(-27)?
25
Let f(y) = -3*y**2. Determine f(-1).
-3
Let c(g) = -g**2 - 6*g + 20. What is c(-9)?
-7
Let u(g)